ate p(-1).
-20
Let h(c) = -2*c**3 + 16*c**2 + 8*c - 2. Determine h(8).
62
Let k(f) = -5*f - 21. Determine k(-6).
9
Let k(w) = 26*w**3 - 2*w**2 - 4*w - 4. Determine k(-2).
-212
Let u(j) = j**2 - 3*j + 4. Give u(4).
8
Let h(c) = c**3 - 30*c**2 - 33*c + 36. Calculate h(31).
-26
Let w(f) = 2*f**2 + 24*f - 23. Determine w(-13).
3
Let a(j) = -3*j + 2. Determine a(-2).
8
Let q(t) = -t**3 - t**2 + 3*t + 3. Give q(-3).
12
Let t(w) = -w**2 - w + 7. Determine t(-3).
1
Let k(d) = -8*d - 70. Determine k(-8).
-6
Let k(g) = g**2 + 5*g - 1. Calculate k(-7).
13
Let z(u) = -9*u + 4. Determine z(5).
-41
Let h(q) = q**3 + 22*q**2 + 21*q - 11. Give h(-21).
-11
Let z(c) = -2*c**2 - c. Determine z(2).
-10
Let m(b) = -3*b**2 + 29*b - 12. Determine m(9).
6
Let m(c) = 16*c - 323. Calculate m(20).
-3
Let d(u) = 36*u**3 - u + 2. Determine d(1).
37
Let j(k) = 5*k + 21. Determine j(-6).
-9
Let r(u) = 2*u**2 - 23*u - 4. What is r(14)?
66
Let x(g) = -g**3 - 7*g**2 + 4*g + 2. Give x(-7).
-26
Let v(d) = d**2 + 6*d + 4. What is v(-4)?
-4
Let a(g) = -2*g**2 + 4. Determine a(-2).
-4
Let u(l) = -3*l**2 - 4*l - 3. Give u(-4).
-35
Let d(b) = b**3 + 11*b**2 - 13*b + 6. What is d(-12)?
18
Let r(h) = 9*h + 2. Give r(-2).
-16
Let l(c) = -2*c - 2. What is l(2)?
-6
Let m(w) = 2*w**2 - 2*w - 11. Determine m(4).
13
Let f(y) = -y**2 + 7*y - 10. Calculate f(8).
-18
Let d(z) = -2*z**3 - 14*z**2 + 16*z - 8. What is d(-8)?
-8
Let v(s) = 2*s**3 - 3*s**2 - 7*s - 4. Give v(-2).
-18
Let u(i) = -i**3 + 7*i**2 + 7. What is u(0)?
7
Let r(d) = d**2 - 10*d - 7. Calculate r(10).
-7
Let n(s) = -s**2 - 8*s + 18. Determine n(-6).
30
Let g(a) = -a**3 + 6*a**2 - 8*a + 31. Calculate g(6).
-17
Let v(b) = 21*b - 246. Calculate v(12).
6
Let a(v) = v**3 + 9*v**2 + 8*v + 6. Calculate a(-8).
6
Let k(i) = i - 7. Calculate k(15).
8
Let g(k) = -8*k**2 + k + 1. What is g(-1)?
-8
Let d(h) = 2*h**2 + 12*h - 5. What is d(-7)?
9
Let s(u) = -u**3 - 9*u**2 - 2*u - 9. Give s(-9).
9
Let z(p) = p + 8. What is z(-9)?
-1
Let h(a) = -2*a**3 + 5*a**2 + 3*a + 1. Determine h(3).
1
Let m(l) = l**3 - 9*l**2 + 9*l - 15. Calculate m(8).
-7
Let m(x) = -x + 4. What is m(5)?
-1
Let u(a) = 47*a**2 + 2*a + 2. Give u(-1).
47
Let z(v) = -v**3 - 5*v**2 + 3*v - 5. Give z(-6).
13
Let q(c) = c**3 + 3*c**2 - 5*c. Give q(-5).
-25
Let n(l) = 3*l**2 - 3*l - 4. Give n(2).
2
Let v(i) = -i + 15. Calculate v(4).
11
Let b(n) = -n**2 + 9*n + 8. Give b(11).
-14
Let a(b) = -24*b + 1018. Calculate a(43).
-14
Let r(j) = 2*j**2 + 18*j + 3. Give r(-10).
23
Let p(j) = 2*j**2 - 18*j + 6. Give p(7).
-22
Let g(n) = n**2 - 16*n - 9. Calculate g(14).
-37
Let r(n) = 8*n + 2. What is r(-3)?
-22
Let t(r) = 2*r - 4. Calculate t(-3).
-10
Let a(n) = -2*n**2 - 8*n + 6. Calculate a(-6).
-18
Let s(d) = -d - 13. Calculate s(-14).
1
Let w(c) = -c**3 - 5*c**2 - 5*c + 12. Calculate w(-5).
37
Let z(d) = d**2 - d - 2. Give z(0).
-2
Let t(r) = r**3 - 10*r**2 + 10*r + 6. Determine t(9).
15
Let b(w) = -w**3 + 5*w**2 + 15*w - 17. What is b(7)?
-10
Let j(m) = -29*m + 53. What is j(2)?
-5
Let b(i) = -i**3 - 10*i**2 + 78*i + 35. Determine b(-15).
-10
Let t(g) = g**2 - 13*g + 16. Calculate t(11).
-6
Let l(f) = -f + 25. Calculate l(6).
19
Let r(l) = -l**2 - 1. Give r(6).
-37
Let b(n) = -3*n + 9. Calculate b(2).
3
Let m(a) = -a**2 + 2*a + 1. Give m(4).
-7
Let l(z) = z**3 - 13*z**2 + 3*z - 19. Determine l(13).
20
Let s(a) = -24*a + 11. Calculate s(1).
-13
Let d(f) = 3*f**2 + 18*f - 9. Determine d(-8).
39
Let o(n) = -5*n**2 + 1. Give o(-1).
-4
Let t(h) = -h**3 + 57*h**2 - 630*h - 1. Calculate t(42).
-1
Let o(x) = x + 4. Calculate o(-8).
-4
Let p(k) = -k**3 - 10*k**2 - k - 12. Calculate p(-10).
-2
Let n(a) = a**2 - 5*a + 1. Give n(0).
1
Let f(q) = -14*q**3 + 2*q**2 - 1. Calculate f(-1).
15
Let v(k) = -2*k - 58. Give v(0).
-58
Let l(r) = r**3 + 4*r**2 - 5*r - 15. Give l(-5).
-15
Let o(x) = 3*x - 11. Give o(0).
-11
Let h(y) = -y**3 - 10*y**2 - 16*y - 11. Determine h(-10).
149
Let k(o) = 5*o - 167. Give k(20).
-67
Let j(q) = 94*q - 183. Determine j(2).
5
Let h(i) = -5*i + 33. Calculate h(8).
-7
Let r(g) = g**3 - 11*g**2 + 8*g + 9. Determine r(9).
-81
Let n(p) = 42*p - 465. Determine n(11).
-3
Let f(y) = -6*y**2 + 2*y + 3. Determine f(1).
-1
Let i(y) = -y + 3. Give i(-6).
9
Let z(l) = -l**3 - 6*l**2 + 9*l + 8. What is z(-7)?
-6
Let w(f) = -f**3 + 6*f**2 - 2*f - 9. What is w(6)?
-21
Let c(w) = w**2 + w - 1. Give c(-7).
41
Let m(t) = 8*t**2 - 3*t - 2. What is m(-2)?
36
Let l(u) = 18*u + 62. What is l(-5)?
-28
Let a(r) = r - 60. What is a(26)?
-34
Let w(v) = -2*v + 8. Calculate w(13).
-18
Let y(l) = 3*l - 8. Calculate y(5).
7
Let c(l) = 2*l**2 - 9*l + 9. Calculate c(6).
27
Let l(c) = c**3 - 4*c**2 + c + 4. Give l(3).
-2
Let h(s) = -3*s - 22. Calculate h(-6).
-4
Let r(x) = -14*x - 36. Calculate r(-8).
76
Let a(i) = -i**2 - 13*i + 11. Calculate a(-15).
-19
Let t(x) = -63*x**3. Calculate t(1).
-63
Let t(d) = 16*d**2 + d. What is t(1)?
17
Let t(c) = c**2 + 11*c - 3. Give t(-10).
-13
Let h(v) = -10*v + 8. Calculate h(6).
-52
Let m(u) = -2*u**3 - 31*u**2 - 43*u - 11. Calculate m(-14).
3
Let g(i) = -i**3 - 5*i**2 - 3*i - 5. Calculate g(-4).
-9
Let f(y) = 18*y + 3. Determine f(3).
57
Let z(g) = g**3 + 9*g**2 - 7*g + 44. Calculate z(-10).
14
Let u(n) = -n**3 + 8*n**2 - 5*n + 13. Determine u(7).
27
Let j(w) = 14*w**2 - 5*w - 5. Give j(-1).
14
Let s(n) = -n**3 - 12*n**2 + 8*n - 11. What is s(-13)?
54
Let c(w) = 2*w**3 + 10*w**2 - 8*w + 13. Give c(-6).
-11
Let k(y) = 54*y - 110. Determine k(2).
-2
Let s(h) = h**2 - h + 11. Calculate s(0).
11
Let z(u) = 3*u**2 - 4*u + 4. Calculate z(1).
3
Let v(y) = 9*y + 7. Calculate v(0).
7
Let f(x) = -14*x + 3. Give f(5).
-67
Let y(u) = 9*u - 4. What is y(1)?
5
Let j(f) = -21*f + 1. Give j(1).
-20
Let j(s) = -2*s + 4. Determine j(6).
-8
Let w(t) = -2*t**2 + 7*t + 17. What is w(5)?
2
Let r(j) = j**3 - 3*j**2 + 2. Determine r(1).
0
Let q(z) = -z**2 - 8*z + 4. Determine q(-10).
-16
Let a(z) = -z**3 + 7*z**2 + 6*z + 5. Calculate a(8).
-11
Let r(d) = -5*d + 37. What is r(8)?
-3
Let y(k) = k**3 + 10*k**2 + 7*k - 20. What is y(-9)?
-2
Let h(n) = -2*n - 22. Calculate h(-10).
-2
Let w(s) = -s**3 - 2*s**2 + 6*s - 2. What is w(-3)?
-11
Let t(w) = w**2 + 10*w - 8. What is t(-10)?
-8
Let s(j) = 2*j**2 - 5*j - 184. Calculate s(11).
3
Let c(l) = -25*l - 1. Determine c(-1).
24
Let y(m) = m**2 + 19*m + 67. Give y(-13).
-11
Let n(a) = a - 3. Give n(-21).
-24
Let n(k) = 6*k**2 - 24*k - 8. Calculate n(5).
22
Let s(g) = 43*g + 367. Give s(-8).
23
Let k(w) = -2*w + 11. Calculate k(9).
-7
Let c(l) = l**2 - 2*l + 4. Give c(4).
12
Let r(y) = -y**3 - 4*y**2 - 2*y - 6. Give r(-4).
2
Let d(g) = -2*g**2 - 6*g + 21. Calculate d(-5).
1
Let r(b) = -28*b**3 + 2*b**2 + 4*b + 2. Determine r(-1).
28
Let k(w) = -11*w - 1. Give k(4).
-45
Let f(g) = -8*g + 11. What is f(2)?
-5
Let n(l) = -18*l**3 - 3*l**2 + 5*l - 1. Give n(1).
-17
Let j(c) = c**2 - 9*c + 11. Give j(6).
-7
Let v(b) = -b**2 - 78*b - 616. What is v(-9)?
5
Let v(b) = -b**3 + 8*b**2 + 7*b - 13. Give v(9).
-31
Let b(y) = -y**2 + 6*y. Determine b(4).
8
Let a(p) = 2*p**3 - 3*p**2 - p + 2. Give a(2).
4
Let r(w) = -2*w + 3. Determine r(12).
-21
Let c(o) = -2*o - 34. Give c(-15).
-4
Let s(i) = 14*i + 46. Calculate s(-5).
-24
Let m(y) = -y**2 - 10*y - 4. Give m(-9).
5
Let j(l) = -l**2 + 12*l - 9. Give j(6).
27
Let n(k) = k**3 + 6*k**2 - k - 4. What is n(-6)?
2
Let d(m) = m**3 - 6*m**2 + m. Give d(5).
-20
Let l(f) = f**3 - 2*f**2 + f + 3. Calculate l(3).
15
Let n(k) = k**2 - 9*k + 6. Calculate n(12).
42
Let y(i) = 6*i + 21. What is y(-5)?
-9
Let b(f) = -f + 21. Give b(9).
12
Let a(q) = -23*q + 22. Determine a(-5).
137
Let o(s) = s**2 - 6*s - 3. What is o(6)?
-3
Let b(l) = 17*l - 26. Give b(1).
-9
Let a(x) = 2*x + 29. Give a(-5).
19
Let q(p) = -p**3 - p**2 + p. Calculate q(3).
-33
Let x(z) = z**2 - 10*z - 23. What is x(21)?
208
Let i(r) = r**3 - r**2 + 7*r - 9. Calculate i(2).
9
Let s(u) = -2*u**3 + 11*u**2 - 8*u + 8. Give s(5).
-7
Let b(g) = -g**2 + 32*g - 53. What is b(30)?
7
Let n(o) = o**2 + 8*o - 1. Give n(-8).
-1
Let u(b) = b**2 - 10*b. What is u(9)?
-9
Let t(v) = -8*v - 5. What is t(2)?
-21
Let c(t) = t - 11. Calculate c(7).
-4
Let a(w) = w**2 + 5*w + 6. What is a(-7)?
20
Let r(w) = 9*w**2 - w - 4. What is r(2)?
30
Let t(v) = 42*v + 1303. Calculate t(-31).